s digit of r/35*(-50)/(-2)?
0
Let t be (-4)/3 + (-340)/(-12). What is the units digit of t + (-4)/(-1) + -4 + 0?
7
Let z(s) = -4473*s + 5. What is the hundreds digit of z(-1)?
4
Suppose 3*l - 5*o - 2764 = -0*o, -2*o = 3*l - 2792. What is the tens digit of l?
2
Let s be (4/(-6))/(32/(-528)). Let z(h) = 1 - 4*h**2 + s*h + 4*h**2 - h**2 - 5. What is the tens digit of z(4)?
2
Let d(h) = -12*h**3 + 1. Let z be d(-1). Let y = z + 47. What is the units digit of y?
0
Suppose -3*c - c + s + 813 = 0, 2*c + 3*s = 403. Let x = 355 - c. What is the hundreds digit of x?
1
Let f = 38 + -19. Let z = 47 + f. Let q = z - 36. What is the units digit of q?
0
Let r(g) be the first derivative of -7*g**4 + 2*g**3/3 - g - 131. Let p = -1 - 0. What is the units digit of r(p)?
9
Suppose -4*o - 55 = -5*q - o, 4*q = -3*o + 71. What is the units digit of -7*(-3 - -53)*(-6)/q?
0
Let r be -3*(-2)/(-6)*-5. Suppose 173 = r*g + 38. Suppose -g - 30 = -i. What is the tens digit of i?
5
Let c(l) = 243*l - 96. What is the tens digit of c(2)?
9
Let g(p) = -3*p**2 - 10*p**2 + 4*p - 1 - 2*p. Let f be g(2). Let o = f - -119. What is the tens digit of o?
7
Let r be -10*(0 - (-1)/(-2)). Suppose j = -2*l + 1, -5*l - r*j = -3*l + 19. Suppose -5*w = -5*p - 95, -5*w + 0*w - l*p = -119. What is the units digit of w?
2
Let k(y) = 3*y**2 + 7*y + 1. Let p be k(-5). Suppose -5*c - p = -4*v, -c + 4*v - 11 = 10. Let x = c - -20. What is the tens digit of x?
1
Suppose 7*r = 44 - 51. Suppose w + 3*l = 12, 2*w - l - 3*l + 16 = 0. Let s = w - r. What is the units digit of s?
1
Let y be 133/42 - (-1)/(-6). Suppose x - 156 = -y*x. What is the tens digit of x?
3
Let s = 244 + 165. Suppose 0 = 4*g - s - 199. What is the hundreds digit of g?
1
Let a = 16 + -13. Suppose -4*u + a*r = -847, -4*r = -4*u + 911 - 63. What is the hundreds digit of u?
2
Let d(r) = -r**3 - 5*r**2 + 21*r + 3. What is the units digit of d(-10)?
3
Let u(v) = 11*v**2 + 53*v + 29. What is the tens digit of u(-10)?
9
Suppose -5*v - 842 = -2*w + 347, -4*w - 4*v + 2336 = 0. What is the hundreds digit of w?
5
Suppose 2*m + 4 = 6, 0 = 5*j - 2*m - 13. Suppose 4*o = 3*y + 183, y + j + 2 = 0. What is the tens digit of o?
4
Suppose -6*r + 4*r - 13 = -3*s, -2*s = 2*r - 2. Suppose s = 3*t, -3*g - 5*t + 289 + 46 = 0. What is the hundreds digit of g?
1
Suppose -14*y + 10*y + 6649 = 5*l, -2*l - 5004 = -3*y. What is the hundreds digit of y?
6
Let a be 3*3/((-18)/4). Suppose 4*w = -5*z - 46, -w = -6*z + 3*z - 14. What is the tens digit of (-39)/a + 3/z?
1
Let j(q) = -q + 284. What is the hundreds digit of j(-9)?
2
Let f(g) be the first derivative of -g**4/4 - 10*g**3/3 + 9*g**2/2 - 7*g + 8. What is the tens digit of f(-11)?
1
Let g = 10 - 10. Suppose 3*i + 2*x + 0*x - 40 = g, 0 = -2*i - 2*x + 26. Suppose 14 = i*w - 12*w. What is the units digit of w?
7
Let s(g) = -g**3 + 2*g - 9*g**2 + 10 - 10*g + 21*g**2 - 31. What is the tens digit of s(11)?
1
Suppose 2*f - 6*f - 164 = 0. Suppose 0 = -4*d + 5*g + 328, 9*g + 304 = 4*d + 10*g. Let x = d + f. What is the tens digit of x?
3
Let w be (-3 + (-22)/(-6))/(2/2196). Suppose -47*y + w = -43*y. What is the units digit of y?
3
Let a be (-4)/((-4)/(-1 - -3)). Suppose -3*k + 10 = 3*l - a*l, 5*l + 45 = 4*k. Suppose 18 + 117 = k*t. What is the units digit of t?
7
Suppose -g = -5*v + 1341 - 171, -730 = -3*v - 5*g. Suppose -4*f + 29 = 4*q + 9, 3*f + 30 = 2*q. Suppose -q*u = -4*u - v. What is the units digit of u?
7
What is the tens digit of (-3505)/(-15)*1*6?
0
Suppose -22 = 3*p - t - t, -p - 30 = 5*t. What is the tens digit of ((-18)/15)/(2/p)*41?
4
Let s = -11 - -2. Let d be (-2)/s + 856/36. Suppose -r = -d - 21. What is the tens digit of r?
4
Let s(f) = -682*f + 429. What is the units digit of s(-4)?
7
Suppose 0 = 3*q - 0*q - 6. Suppose -4*z = 4*u - 104, -u - q*u + 73 = 2*z. Let b = -8 + u. What is the tens digit of b?
1
Let s(n) = 117*n**2. Let t be s(1). Let g(v) = -2*v**3 + 10*v**2 + 3*v - 11. Let m be g(5). Suppose -m*k + t = -k. What is the tens digit of k?
3
Suppose 1 + 2 = -q. Let m be q/(-2) - (-33)/(-2). What is the units digit of (10 + 0)*m/(-6)?
5
Let k(m) = 2*m**3 - 19*m**2 + 9*m - 6. Let x be k(9). What is the tens digit of (4/x + 1)*201?
6
Let i be (-7)/(-21) + (-59)/(-3). Suppose 0*p + i = 4*p. Suppose -27 - 8 = -p*v. What is the units digit of v?
7
Let i be 1 + (4 + -2)/((-6)/9). What is the units digit of i/9 - (-7216)/72?
0
Let f = -1998 + 3520. What is the thousands digit of f?
1
Let j(r) be the third derivative of -r**4/24 + 2*r**3 + 13*r**2. Let s be j(-11). Let p = 7 + s. What is the tens digit of p?
3
Suppose 4*j + 235 = -3*h, -3*h - j = -2*j + 245. Let b(w) = -w**2 - 3*w + 4. Let a be b(-3). What is the tens digit of (-2)/8 - h/a?
2
Let g be -3 - (1 - 0 - 4). Suppose 0 = -2*i - 4*p - 10, -3*p = i - 2*p + 2. What is the units digit of (-3)/i*-7 - g?
1
Let h(p) = 7*p - 9*p - 8 - 7*p - 1. Let t be h(-9). Let c = t - 37. What is the units digit of c?
5
Suppose 0 = 108*s - 87*s - 14196. What is the hundreds digit of s?
6
Let f be ((-1)/(-3))/(4/(-108)). Let n = f - -12. Suppose -3*m + 0*s = 4*s - 108, -s + n = 0. What is the units digit of m?
2
What is the units digit of (-651)/62*236/(-6)?
3
Suppose 9 - 233 = -4*p. Let u(q) = q**2 + q - 4. Let t be u(-5). Suppose -4*y + t + p = 0. What is the tens digit of y?
1
What is the hundreds digit of 502 + 12/6 + (-2 - -3)?
5
Let h = -16 - -28. Let i = 15 - h. What is the units digit of (36/8 - i)*2?
3
Suppose 14*q - 15*q + 29 = 0. Suppose q = f - 36. What is the units digit of f?
5
Let d = 1757 - -2141. What is the hundreds digit of d?
8
Suppose 0 = 5*w - 1882 + 492. What is the hundreds digit of w?
2
What is the hundreds digit of (-1440)/15*(1575/(-10))/7?
1
Let q(y) be the second derivative of 5*y + 1/12*y**4 + 3/20*y**5 + 1/2*y**2 + 0 - 1/2*y**3. What is the tens digit of q(2)?
2
Suppose -j - 36 = -4*j. Let x = j + -10. Suppose b + 4 = 5*v + x, -4*v + 16 = b. What is the units digit of b?
8
What is the hundreds digit of (-6456)/(-16)*(32/(-12) + 4)?
5
Suppose -2*x = -19 + 5. Suppose x*s = 5*s + 320. What is the units digit of s?
0
Suppose 3*n - 38 = 4*n. Suppose -2*i = -27 - 109. Let r = n + i. What is the tens digit of r?
3
Let a(z) = -z**3 - 18*z**2 - 16*z + 20. Let u be a(-17). Suppose 1160 = u*f + 7*f. What is the units digit of f?
6
What is the hundreds digit of 1523/5 - 21/(-385)*-11?
3
Let k = 2 + -13. Let o = 21 - k. What is the tens digit of o?
3
Let a be (8/(-10))/(3/((-3900)/(-8))). Let b = -109 - a. What is the tens digit of b?
2
Suppose p - 3 = -62. Let d be (2*7)/(-36 + 34). Let r = d - p. What is the tens digit of r?
5
Let v(h) = -3*h - 32. Let o be (6/4 + (-2)/(-4))*-6. What is the units digit of v(o)?
4
Let k(u) = -4*u**2 + 7*u - 37. Let h(q) = -q**2 + 2*q - 9. Let m(w) = -9*h(w) + 2*k(w). Let r be m(3). Suppose a - 40 = -r*a. What is the units digit of a?
8
Suppose 0 = -5*g + 2*o + 2662 + 3375, -5*o = 4*g - 4823. What is the tens digit of g?
0
Let p(o) = -o**2 + 21*o - 34. Let j be p(19). Suppose -4*k + 385 = 3*x, j*k + 4 = -16. What is the hundreds digit of x?
1
Let y(c) = -5*c + 21*c - 49 + 21 - 2. What is the tens digit of y(7)?
8
Suppose -7*z + 928 = 46. What is the hundreds digit of z?
1
Let v = 11 - 10. Let g be (v - 4) + (-2)/(-2). What is the units digit of 0 + (-3 - g)*-1?
1
Suppose 1564*x + 3714 = 1570*x. What is the hundreds digit of x?
6
Let r(u) = 12*u**2 - 20*u + 34. What is the tens digit of r(13)?
0
Suppose -8968 = -69*x + 67*x - 5*u, 0 = x + u - 4481. What is the hundreds digit of x?
4
Let i(j) = -j**3 - 4*j**2 - 3*j + 2. Let y be i(-3). Suppose 8 = y*s - 2*x, 5*x - 4*x = -s + 8. What is the units digit of s?
6
Let m(p) = p - 17. Let y be m(20). What is the hundreds digit of (y - 28/8)*-232?
1
Let q(d) = 4*d**3 - 2*d**2 - 3*d + 2. Let l be q(2). Let x be (-288)/l*(-2 - -7). Let v = -47 - x. What is the units digit of v?
5
Let g(b) = 125 - 9*b - 241 + 127 + 2*b**2. Suppose 10 = x + x. What is the tens digit of g(x)?
1
Let m(x) = -5*x + 7. Let k be m(-6). Suppose 7 = -z - 3*y, 5*z + k + 10 = -3*y. Let g = -4 - z. What is the units digit of g?
6
Suppose 0 = -4*l - 16, -2*s - 35*l + 3888 = -33*l. What is the thousands digit of s?
1
Suppose -4*o + 564 = -a + 192, 3*o = -2*a + 279. Let x = 208 - o. What is the hundreds